35. Let u = 19 + o. Is u/(9/(-3))*-163 a composite number?
False
Suppose 29*h - 31*h = -4514. Suppose -155 = -3*f - 5*y, -y + 39 = -4*f + 238. Is (-20)/f + h/5 a composite number?
True
Let w be ((-1)/3)/(2/42). Let g(r) = -39*r + 20. Is g(w) a composite number?
False
Let y(t) = -t + 367. Is y(-24) composite?
True
Let k = 85826 - 36975. Is k a prime number?
False
Let j = 90 - 88. Suppose 5*n = -2*b + 20239, -2 - 4 = j*b. Is n composite?
False
Suppose 0*s = -5*s - v + 246170, 98451 = 2*s - 3*v. Is s prime?
False
Let c(k) = 5*k**2 + 11*k - 9. Let w be c(-15). Suppose 3*v = 2*r + w, -316 = 2*v + 4*r - 966. Is v a prime number?
False
Let x(k) be the second derivative of 9*k**5/20 - k**4/6 - 5*k**3/6 + 3*k**2/2 + 10*k. Is x(3) a prime number?
False
Suppose -2*n - 1 = 3. Let p be -1 - (n - -2)/4. Is (p/(-3))/(7/1869) a prime number?
True
Suppose -3*m = -5*p - 109, m + 2*m - 112 = 2*p. Suppose m*a + 3715 = 43*a. Is a prime?
True
Let y = 5521 + -2030. Is y prime?
True
Let s be 9/(-3)*-1*1. Suppose 0 = 2*f + s*c - 1058, -4*f + 4*c + 1875 + 201 = 0. Suppose 2 = -m + f. Is m prime?
True
Let x be 3 + -3 - 37*(6 + -1). Let k = x + 364. Is k a prime number?
True
Suppose 6*o + 585 - 219 = 0. Let s = 82 - o. Suppose -s - 896 = -m. Is m prime?
True
Is (45913/21)/(4/12) a composite number?
True
Let p = -45 + -3. Let f = -96 - p. Let o = f + 85. Is o a composite number?
False
Let l = 94 - -318. Suppose -d = -5*d + l. Is d a composite number?
False
Is -62*(0 - (-29)/(-2)) + 2 composite?
True
Suppose 3*n - 4*n = -d + 184, -3*d - n + 572 = 0. Let f = d - 78. Is f a prime number?
False
Let z = -9396 - -33253. Is z composite?
False
Let f(l) = 3*l**2 + 7*l - 11. Let o be f(-4). Is o/27 + (-986)/(-3) a composite number?
True
Let n be (-33)/(-2) - 2/4. Let z = 24 - n. Let d(h) = 9*h + 5. Is d(z) prime?
False
Let n be (-1)/4 + 11424/128. Suppose n + 2060 = k. Is k composite?
True
Suppose -n + 148 = 4*n + 2*v, 68 = 3*n - 4*v. Is (-7)/(n/(-12)) + 1112 a prime number?
False
Let c(a) = -7*a**2 + 5*a + 5. Let j be c(5). Let s = j + 335. Is -3 + s + (-8)/4 prime?
False
Suppose 4*w - 3904 = 4*m, 0*w + 3*m = w - 986. Is w composite?
False
Suppose 3*c + 2*b - 56602 = 0, 0 = -c + 2*b + 2*b + 18844. Suppose 28346 + c = 10*u. Is u composite?
False
Let d = 5569 - -1534. Is d a prime number?
True
Let r(p) be the second derivative of p**4/12 - p**3/6 - p**2 - 4*p. Is r(4) a prime number?
False
Let u = 8556 + -6099. Suppose 5*i + u = 4*g, 0*g + g - 4*i - 606 = 0. Suppose 3*n - g = 261. Is n a prime number?
True
Let n(u) = 69*u**2 - u + 1. Suppose -12 = -4*h - 0. Suppose y = -2*y + 2*p + 13, h*y = 4*p + 23. Is n(y) a composite number?
True
Suppose -s + 3491 = 5*u, -5*u = -3*s - 4*u + 10473. Is s composite?
False
Let x = 19 + 6. Is 10/x - (-113)/5 a prime number?
True
Let p(b) = -b + 46 - 3 + 46 - 4. Is p(0) a composite number?
True
Let h be -1 + 0 - (-16)/4. Let p be h/(-3) + 3 + -7. Is (211/p)/(7/(-35)) composite?
False
Let m(d) = d**2 - 4*d + 3. Let a be m(5). Let o be (6/(-8))/((-2)/a). Suppose v - 202 = -o*y + 2*y, 3*y = -2*v + 603. Is y composite?
False
Suppose 0 = 2*q - 1 + 5. Let u(y) be the third derivative of -5*y**4/3 + 7*y**3/6 + 34*y**2. Is u(q) prime?
False
Suppose 2*i - 12 = -4*m - 4, -3*i = 4*m - 12. Suppose m = 6*w - 0*w - 546. Is w composite?
True
Suppose 10*r + 9 = 7*r, -2*j + 24 = -4*r. Suppose -j*i = -2*i - 2132. Is i a composite number?
True
Is (-26760)/(-50) + (-1)/5 a composite number?
True
Let m(w) = -14*w - 7. Let u(a) = 70*a + 36. Let l(y) = 11*m(y) + 2*u(y). Is l(-6) a prime number?
True
Suppose 3*i = l - 13 + 29, 0 = -3*i - 2*l + 13. Suppose 0 = -5*w - i*y + 15180, 4*y - 3576 = -w - 543. Is w a composite number?
False
Let b = 3209 + -1180. Suppose 2*n = 4*j - 0*n - 2720, -b = -3*j - 4*n. Is j prime?
False
Suppose 3*r - c - 5784 - 42702 = 0, 3 = c. Is r a composite number?
True
Let c = 68 + -66. Suppose 0*s - 1713 = -s - 5*l, -c*s = -l - 3470. Is s a prime number?
True
Let p(s) = 21*s**3 + s**2 + 2*s - 19. Is p(9) prime?
False
Let m = 4 + -14. Let y be m/45 - 4/(-18). Suppose -6*t + 3*t + 69 = y. Is t a composite number?
False
Let d be 6 + 0/3 + -2. Suppose -2*m - 4*v + 8 = 0, d*v = m - 3 + 5. Suppose -2*g - 2*g - m*c = -178, 5*c = -4*g + 163. Is g prime?
True
Is ((-3)/((-15)/(-20)) - -3023) + 0 a composite number?
False
Suppose 0 = -6*n + 2*n + 7284. Is n a prime number?
False
Suppose -4*j - 14316 + 40796 = 0. Suppose 21*r - 17*r = j. Is r a prime number?
False
Suppose 871848 + 206023 = 59*x. Is x a prime number?
True
Suppose 10*w - 6403 - 35127 = 0. Is w a composite number?
False
Is ((-18)/54)/((-2)/6) - -3165 a composite number?
True
Let n be 1/3 + (-2792)/(-12). Suppose 2*w + n = 2247. Is w composite?
True
Let y(v) = -3*v**3 - 2*v**2 - 6*v - 8. Let g = 51 - 58. Is y(g) prime?
False
Is (12140 - 2) + (22 - 29) a prime number?
False
Let r(l) = 15*l + 5. Let m = 13 - 19. Let o be m/(-4)*(-11 + 19). Is r(o) a composite number?
True
Let f(u) = -4*u + 46. Let z be f(12). Suppose -4 = 4*j, 3 = -4*b + 3*j + 6. Is (259 + b + z)*1 a prime number?
True
Let m(o) = -245*o**3 + o**2 + 5*o - 22. Is m(-3) a prime number?
False
Suppose -5*q = 3*l - 4000, -2*l + 3575 = -5*q + 900. Let j = l + -938. Is j composite?
False
Suppose 11*w = 63669 + 47948. Is w composite?
True
Suppose -2*b - 10 = 0, -5*b = 5*c - 2*b + 30. Let f be (-3759)/c*6/21. Let d = f + -135. Is d a prime number?
True
Suppose -2*v + 3*v - 1221 = -4*d, -5*v = -3*d + 910. Let s = d - 178. Is s a composite number?
False
Let t = -5892 - -11924. Suppose t = 3*z - 2*x + 1835, 1385 = z + 4*x. Is (-2)/(-12) - z/(-6) a prime number?
True
Let r = 19577 + -11392. Is r composite?
True
Let w(i) be the third derivative of -i**6/60 - i**5/20 - i**4/12 - i**3/3 - 28*i**2. Is w(-3) a composite number?
False
Let x(m) = -281*m + 10. Let p be x(-5). Suppose -p - 386 = -h. Is h prime?
True
Let a(b) = 17*b**2 - 27*b - 5. Let t(i) = i - 1. Let w(v) = -9*v**2 + 11*v + 6. Let j(o) = 3*t(o) + w(o). Let k(q) = 6*a(q) + 11*j(q). Is k(-7) composite?
True
Let j be 1236*(-4)/(-9)*-3. Let l = -1077 - j. Is l a composite number?
False
Suppose 3*h - 1003 = 2*z + 767, h = -4*z - 3568. Suppose 12*n = -13*n - 43900. Let w = z - n. Is w composite?
True
Suppose 4*h = -2*q + 108506, 16*h - 27129 = 15*h + 2*q. Is h prime?
True
Let q(a) = a + 14. Let j be q(-20). Is (-8)/(-48) + (-4889)/j a composite number?
True
Let h = -15 - -19. Suppose -u + h = -0*u. Suppose 202 = -t + 5*s + 575, 1075 = 3*t - u*s. Is t a composite number?
False
Let a = 60 - 60. Suppose -5*w - 2*g + 16233 = a, w + g - 3245 = -g. Is w a prime number?
False
Let m(v) = v**2 + 2*v + 5. Let i be m(0). Suppose -k + 4*q - 8*q + 1311 = 0, 0 = i*k + 3*q - 6589. Is k prime?
True
Let k be 7/(-7) - (-5 - 1). Suppose -12 = -3*g + g + 3*i, -3*g = -k*i - 20. Suppose g = 4*m - 4*z - 288, -3*m - 4*z = -4*m + 81. Is m a prime number?
False
Suppose 7*w + 17470 = 80589. Is w a prime number?
False
Suppose -5*l - 4722 = -7*x + 4*x, l + 962 = 5*x. Let d = 569 - l. Is d prime?
True
Suppose 10 = -i + 5*q, -2*i - q = -4*q + 6. Suppose i = 7*k - 12581 - 14334. Is k prime?
False
Let p(l) = 255*l - 17. Let s(c) = c + 12. Let o be s(-6). Is p(o) a prime number?
False
Let t = -48 + 287. Let j = t + -150. Is j a composite number?
False
Let m(x) = 3*x**2 + 6*x + 2. Let z(p) = -2*p**2 - 6*p - 3. Let o(g) = 3*m(g) + 4*z(g). Let b be o(10). Is (5/2)/(1/b) a prime number?
False
Let t = 2784 - 842. Is t a composite number?
True
Suppose -40467 = 17*n - 1119508. Is n a prime number?
True
Suppose 10*u = 14*u + 10348. Is 2 + (u + -2)/(-1) prime?
True
Is -3*((-7)/(-42))/(2/(-167548)) a prime number?
True
Let u be 15/7 + (-2)/14. Suppose 1 = u*o - o. Is -13*2*-2 + o prime?
True
Let x = -19 - -23. Let q be (x/(0 - -1))/2. Is q/7 + 6465/35 a composite number?
True
Suppose -11*f - 2466 = -29372. Is f prime?
False
Let v = -10153 - -16644. Is v composite?
False
Let b(g) = -4470*g + 1304. Is b(-5) prime?
False
Let t = -72592 - -105221. Is t prime?
False
Suppose 0 = 3*v - 215 - 211. Let a = 2927 - v. Is a a prime number?
False
Suppose 0*x + 51777 = 3*s - 2*x, -s + 17242 = 5*x. Is s a composite number?
False
Is 5989486/580 - 3/(-10) composite?
True
Is (-218092)/112*-2*2 a prime number?
True
Is (24/42)/(3/(-19047)*-2) a composite 